e 15, what is -a0 - -178?
c8
In base 3, what is -2110220122 + -101?
-2110221000
In base 11, what is 66 - 24?
42
In base 7, what is -320 + -23?
-343
In base 16, what is -56 + -14a?
-1a0
In base 8, what is 2 + -215675?
-215673
In base 9, what is 16803 + -5?
16787
In base 3, what is -202202112220 - 11?
-202202120001
In base 9, what is -2 - 14152?
-14154
In base 9, what is 2186 - -33?
2230
In base 16, what is -3692 + 1?
-3691
In base 4, what is 10002 + -32010?
-22002
In base 6, what is -402244 - 30?
-402314
In base 16, what is -8c385f + -2?
-8c3861
In base 6, what is -121 - -111513?
111352
In base 2, what is 1 + 100011000001111?
100011000010000
In base 9, what is 47 + -1426?
-1368
In base 12, what is -38a28 + 36?
-389b2
In base 4, what is -2013123 - 2231?
-2022020
In base 3, what is -2 + -112011220?
-112011222
In base 10, what is 59347 - 1?
59346
In base 8, what is 7106676 - 4?
7106672
In base 16, what is 14 + 6207?
621b
In base 7, what is -10 + 5654452?
5654442
In base 2, what is -10111101 - 11011000010?
-11101111111
In base 11, what is 5 - 56826?
-56821
In base 6, what is 30 + 315?
345
In base 5, what is 234201 - -33?
234234
In base 3, what is -1010 + -1100012?
-1101022
In base 11, what is -5a1181 - 2?
-5a1183
In base 9, what is -51 - 16?
-67
In base 2, what is 11101011100101110001 + 110?
11101011100101110111
In base 16, what is -f95 + -2?
-f97
In base 5, what is 1434 + -10001?
-3012
In base 11, what is 314 - -91?
3a5
In base 10, what is 1 + 20085?
20086
In base 7, what is -1012344 + 1?
-1012343
In base 14, what is 159b0 + -5?
159a9
In base 3, what is -12222200010 - 1?
-12222200011
In base 7, what is -21234 - 406?
-21643
In base 7, what is -3 + 4514431?
4514425
In base 2, what is 1 + -100001110101011111010?
-100001110101011111001
In base 2, what is 0 - 1111001111001?
-1111001111001
In base 14, what is -37246 + 5?
-37241
In base 13, what is 4212a2 - -5?
4212a7
In base 15, what is -15dc1d + 5?
-15dc18
In base 11, what is -203 + 80?
-133
In base 8, what is -1 - -73256?
73255
In base 8, what is -55424 - -11?
-55413
In base 7, what is 4066 - 14?
4052
In base 3, what is -12112210 + 21?
-12112112
In base 2, what is -10110 - 110011101?
-110110011
In base 9, what is -11 + -24481?
-24502
In base 16, what is -11d22 + -5?
-11d27
In base 2, what is -110010001110010010 + -100?
-110010001110010110
In base 10, what is 797 + -226?
571
In base 3, what is 1012 - 121210?
-120121
In base 6, what is -15 - -20223032?
20223013
In base 10, what is -153294 - 5?
-153299
In base 6, what is 112411 + 4?
112415
In base 7, what is 1105 - -414?
1522
In base 2, what is 1101010 + 101011110?
111001000
In base 2, what is 10110111 + -10101000001?
-10010001010
In base 13, what is 8a + -2c9c?
-2c12
In base 4, what is 23312201 - 32?
23312103
In base 4, what is 12121 - -2121010?
2133131
In base 10, what is -79 + -32?
-111
In base 5, what is 313340 - 30?
313310
In base 6, what is -243441 - 50?
-243531
In base 13, what is -2 + 6a22?
6a20
In base 15, what is 1917ba + 5?
1917c0
In base 3, what is 11102222 + 200?
11110122
In base 14, what is -236 + c4?
-152
In base 6, what is 3043 - 25045?
-22002
In base 15, what is 377 - -52a?
8a2
In base 4, what is 331320103 + 20?
331320123
In base 6, what is 225 + -110?
115
In base 10, what is -10 + 1200?
1190
In base 11, what is -2007 + 26?
-1a91
In base 7, what is -4031 + 25?
-4003
In base 5, what is -131 - 121032?
-121213
In base 4, what is 131201 + 21?
131222
In base 12, what is 3b4408 + -1?
3b4407
In base 10, what is 282317 - -2?
282319
In base 9, what is -81708 - -5?
-81703
In base 9, what is -1085 - -74?
-1011
In base 12, what is -59 - 14278?
-14315
In base 9, what is 18867 + 2?
18870
In base 7, what is -3063 + 112?
-2651
In base 16, what is -208 + -120?
-328
In base 9, what is 78 + 12658?
12747
In base 7, what is -16 + -14531?
-14550
In base 11, what is 68 + 46345?
46402
In base 9, what is 1 + -7665?
-7664
In base 7, what is -1424 + 24463?
23036
In base 12, what is -9 + 8472?
8465
In base 13, what is 2668 - -1?
2669
In base 3, what is -200102220 + -12002?
-200121222
In base 8, what is 24435 - -4?
24441
In base 16, what is 1 - -21b59?
21b5a
In base 13, what is 3 + -6b0c?
-6b09
In base 15, what is -1b + -239?
-255
In base 16, what is 1d6b1 + -19?
1d698
In base 13, what is 1 - 589b?
-589a
In base 15, what is -3 + 11e7bc?
11e7b9
In base 15, what is -394 + 3e8?
54
In base 13, what is 19 + -60014?
-5ccc8
In base 10, what is -75607 + 12?
-75595
In base 2, what is 10 - 100110000101110?
-100110000101100
In base 14, what is -90 - -c4?
34
In base 2, what is 100100111010 + -1001100?
100011101110
In base 4, what is -3 + 11013100?
11013031
In base 5, what is -3 - -1422431?
1422423
In base 14, what is 14b5cc + -4?
14b5c8
In base 14, what is 3247 - -5?
324c
In base 9, what is 1 - 340525?
-340524
In base 15, what is 7 - -10?
17
In base 8, what is -4 + 1113021?
1113015
In base 9, what is -1 - 44447?
-44448
In base 11, what is a142 - 116?
a027
In base 13, what is 3 - -b222?
b225
In base 16, what is 6c - d73?
-d07
In base 10, what is 83 + 1227?
1310
In base 4, what is -10200 - 3010021?
-3020221
In base 2, what is 11110101101011 + -1010?
11110101100001
In base 16, what is -1d8 + 11?
-1c7
In base 8, what is 176 - 67?
107
In base 14, what is caa + -6?
ca4
In base 6, what is -4 - 11354?
-11402
In base 11, what is 42726 + -36?
426a0
In base 9, what is 5 - -5254?
5260
In base 3, what is 10 + -101121002?
-101120222
In base 6, what is 1 + 2200450?
2200451
In base 10, what is 72 - 5415?
-5343
In base 9, what is 3075 - 3?
3072
In base 8, what is -1 - 5260?
-5261
In base 11, what is -101 - -294?
193
In base 4, what is 11210302 + 122?
11211030
In base 10, what is 24404 - -5?
24409
In base 4, what is -331330303 - 0?
-331330303
In base 9, what is 1 + 460768?
460770
In base 14, what is -866 + 3?
-863
In base 16, what is 17a + 94b?
ac5
In base 6, what is -241 - -13?
-224
In base 5, what is -14420113 - 0?
-14420113
In base 9, what is -236138 - -7?
-236131
In base 3, what is 1100100202 + 21?
1100101000
In base 2, what is 11000011 - 10111?
10101100
In base 13, what is 394 + -111?
283
In base 14, what is -394d - 2?
-3951
In base 9, what is 4167 - -17?
4185
In base 2, what is 11001010011110010000 + -101?
11001010011110001011
In base 16, what is 3 + 2511?
2514
In base 15, what is -4bc + -79?
-546
In base 11, what is -29509 - 12a?
-29638
In base 3, what is -21 - -1001022?
1001001
In base 12, what is -13a05 + 8?
-139b9
In base 10, what is -34536 + -3?
-34539
In base 10, what is 16 - -2877?
2893
In base 6, what is -5 + 1434?
1425
In base 5, what is 1243 + -2212?
-414
In base 11, what is 46 + 2a5?
340
In base 2, what is -101000110 - -1011010111010?
1010101110100
In base 14, what is -4 + -20b20?
-20b24
In base 10, what is -3984 + 176?
-3808
In base 14, what is 10169 - -30?
10199
In base 8, what is 2 - 67374?
-67372
In base 2, what is 1101010 + 101010010011?
101011111101
In base 5, what is -112322 - 2?
-112324
In base 15, what is -23a123 - 5?
-23a128
In base 7, what is 301515 - 3?
301512
In base 8, what is 4 + 550077?
550103
In base 7, what is -2212300 - -5?
-2212262
In base 15, what is -2 - 2152?
-2154
In base 14, what is 13 + -801c?
-8009
In base 6, what is 4 + -14452?
-14444
In base 7, what is 6 + -34453?
-34444
In base 11, what is 176 + -874?
-6a9
In base 7, what is 5235 - -43?
5311
In base 9, what is -2 - -13478?
13476
In base 3, what is 210222010021 - 10?
210222010011
In base 10, what is -1470551 + 6?
-1470545
In base 4, what is -110 - -1001001?
1000231
In base 11, what is 26a13 - 1?
26a12
In base 16, what is -2 + 2346?
2344
In base 9, what is 16824 - -111?
17035
In base 12, what is -4 + -25b91?
-25b95
In base 7, what is 5 - 52645?
-52640
In base 3, what is -2 - 20101200010?
-20101200012
In base 3, what is -2210200 + -1221?
-2212121
In base 6, what is 141 + 321015?
321200
In base 9, what is -2 - -7217?
7215
In base 15, what is -45 + 1e?
-26
In base 11, what is 1296 + 114?
13aa
In base 9, what is 46333 - -135?
46468
In base 11, what is 0 - 442931?
-442931
In base 7, what is 321 + -1310?
-656
In base 6, what is 23321220 - -3?
23321223
In base 6, what is 3 - 1533215?
-1533212
In base 3, what is -110100 + -102121?
-212221
In base 5, what is -33011414 - 0?
-33011414
In base 3, what is -10